tive of q**4/4 - 5*q**3/3 - 7*q**2/2 + 12*q + 20. What is the units digit of v(6)?
6
Suppose 2*x + 347 = -0*z - 3*z, -557 = 5*z - 2*x. Let b = -69 - z. What is the units digit of b?
4
Let h = 82 - 37. Suppose 15 = -5*v + h. What is the units digit of v?
6
Let c be (4/6)/(3/45). Let o = c - 5. Suppose 0 = -4*d + 4*q + 212, 0 = -o*d + 2*q - 0*q + 268. What is the units digit of d?
4
Suppose -10104 = -6*w + 3108. What is the units digit of w?
2
Let o = 634 - -1259. What is the tens digit of o?
9
Let c be 1070/12 - 4/24. Let k = 163 - c. Let q = k + -32. What is the tens digit of q?
4
Let l = 590 + -268. What is the units digit of l?
2
What is the tens digit of ((-7)/(-14))/(9/23634)?
1
Suppose 0*o - 4*o - 464 = 0. Let r = 103 + -166. Let x = r - o. What is the units digit of x?
3
Let i(u) = 1343*u**3 + 0*u**2 - 1342*u**3 - u**2 + 18 - 11*u. What is the units digit of i(6)?
2
Suppose -l - 4*k - 62 = -4*l, 0 = -2*l - 3*k + 30. Let f be (-1)/(-2) + l/4. Suppose -3*s + 3*d = 5*d - 145, -f*s + d = -246. What is the tens digit of s?
4
Let g(x) be the second derivative of -22*x**3 - x**2/2 + 17*x. What is the units digit of g(-1)?
1
Suppose 4*d = -2*t - 0 - 2, -2*d = 2*t - 4. Let q = d + 50. What is the units digit of q?
7
Suppose 5*b + t - 348 = 0, b + b = 2*t + 132. Let g = b - -47. What is the hundreds digit of g?
1
Let y(x) = 2*x**2 + 0*x**3 - 6 - 5*x**2 - x**3. Let z(d) = -2*d + 12. Let j be z(8). What is the tens digit of y(j)?
1
Let g = -526 + 560. What is the units digit of g?
4
Suppose 5*x - 8417 = -2*n, 0 = -3*x + 7*n - 2*n + 5075. What is the hundreds digit of x?
6
What is the tens digit of -6 - (0 + (5 - 164))?
5
Let k(m) = m**2 + 10*m + 15. Let o be k(-9). Suppose o*h = 82 + 14. What is the units digit of h?
6
Suppose -3*l - 4*o + 8089 = 0, -2789 = 4*l - 3*o - 13616. What is the hundreds digit of l?
7
Let i = -1699 + 1707. Let d(f) = 5*f**2 + 1. Let b be d(1). Suppose b*u - 4*u = i. What is the units digit of u?
4
Let t = 959 - -711. What is the thousands digit of t?
1
Let o(k) = -k**3 - k**2 + 3. Let t be o(0). Suppose 5*z - 23 - 2 = -t*h, -3*z + 4*h = -15. What is the units digit of z?
5
Suppose -6*a = -76 - 176. Let w = 111 - a. What is the tens digit of w?
6
Let s(r) = 2*r**3 - 11 + r - r**3 - 6*r + 6*r. Let y be s(0). Let t(j) = j**2 + 7*j - 11. What is the units digit of t(y)?
3
Let x(p) = 2*p**2 - 3*p + 3. Let q be x(1). Suppose q*o = -o + 171. What is the units digit of o?
7
Let o = -4 + 7. Suppose 3*x - 15 = -o. Suppose 0 = -3*u + x*u - 3. What is the units digit of u?
3
Suppose 5*p - 15 = -5*t, -4*p = p - 5*t + 35. What is the units digit of (84 - 14) + -2 + p/2?
7
Let x(v) be the first derivative of -v**3/3 - 4*v**2 - v + 4. Let g = 0 - 7. What is the units digit of x(g)?
6
Let j = -4 - -10. Suppose -j*g + g - 5*d + 125 = 0, 0 = -2*g - 3*d + 49. Suppose -5*q - 6 = -g. What is the units digit of q?
4
Suppose 11*k - 756 = 971. What is the hundreds digit of k?
1
Let w be 2/(-5*2/(-20)). What is the tens digit of 174/w - (-3)/2?
4
Suppose -4*d = -8*r + 4*r + 184, 2*r - d = 94. What is the tens digit of r?
4
Let u = -13 - -3. Let f = 22 + u. What is the tens digit of f?
1
What is the units digit of 162/(-8)*-24*(0 - -1)?
6
Let h = -12 - -15. Suppose 2*r - 3*y = -70 + 503, h*y - 1114 = -5*r. What is the hundreds digit of r?
2
Let p = 89 + -40. Suppose 221 - p = 4*r. What is the tens digit of r?
4
What is the hundreds digit of 16/28 + 94896/42?
2
Let x be (-1565)/(-20) + (-2)/8. Let a = 117 - x. What is the units digit of a?
9
Suppose 4*g - q + 5*q = 1744, 0 = -g + q + 436. What is the hundreds digit of g?
4
Suppose 3*i = -0*i. Suppose 6*q - 189 - 255 = i. What is the tens digit of q?
7
Let u(p) = p**3 - 6*p**2 + 9*p + 1. Let h be u(4). Let n(m) = 13*m. What is the tens digit of n(h)?
6
Suppose 0 = -5*v + 25, 0 = 5*c + 22*v - 27*v - 5095. What is the hundreds digit of c?
0
Let s(q) = -733*q + 63. What is the units digit of s(-5)?
8
Let j = 152 - -268. Suppose j = -4*g + 9*g + 5*x, -4*g = 5*x - 341. What is the tens digit of g?
7
Let f(b) = 22*b**2 - 5*b + 33. What is the thousands digit of f(-7)?
1
Let w(k) = 2*k + 24. Suppose 2*m - 34 = 3*q, m + 3*q = -m + 46. Suppose 11*d - m = 9*d. What is the units digit of w(d)?
4
Let a = -96 - -109. What is the units digit of a?
3
What is the tens digit of (-83062)/(-154) - (-12)/(-33)?
3
What is the hundreds digit of (-46664)/(-380) + (-4)/5?
1
Suppose 0 = 5*o - 2*a - 166, -4*o + a + 32 = -3*o. What is the units digit of o?
4
Suppose -k + 5*o = 7, 2*k + o - 2*o + 32 = 0. Let m = k + 20. Suppose 5*f + 2*t - m*t = 73, -8 = -4*t. What is the units digit of f?
5
Let o = 1478 - -1611. What is the units digit of o?
9
What is the units digit of 40670/28 + 1 - (-6)/4?
5
Suppose -2*n + 5*z - 1143 = -6*n, -3*n = 5*z - 861. Suppose 13*p - 10*p - n = 0. What is the tens digit of p?
9
Suppose 3*w - 2*b - 2541 = 0, -3*w - 15*b + 2550 = -14*b. What is the hundreds digit of w?
8
What is the hundreds digit of 16/24*-1 - (-620)/3?
2
What is the tens digit of (2 - -794) + 0/5?
9
Let h(d) = -d**3 + 7*d**2 - 7*d + 3. Let x be h(5). Let p be ((-78)/9)/(4/x). Let i = p + 57. What is the tens digit of i?
1
Let w be -1 - -5 - 2 - 0. Let j(x) = -x**2 + x - 3 - 8*x - x**w - 4*x**2 - x**3. What is the units digit of j(-6)?
9
Suppose 0 = q - d - 40, -220 = -4*q + 5*d - 56. Suppose -q = -19*f + 16*f. What is the tens digit of f?
1
Let y(s) = s. Let l(u) = 8. Let m(i) = -l(i) + 4*y(i). Let q be m(-9). What is the tens digit of q/8*(0 - 4)?
2
Let a = -46 - -48. What is the units digit of a/(-3) - 455/(-21)?
1
Let l(c) = c**2 - 2*c - 4. Let s(a) = -a**2 + 2*a + 5. Let h(f) = 4*l(f) + 5*s(f). Let y be h(0). Suppose y*d - 4*d - 210 = 0. What is the units digit of d?
2
Suppose 0 = 4*l + 3*u - 165, 5*l + 3*u = 2*u + 209. What is the units digit of l?
2
Let k = 5 - 0. Suppose 15 = k*y - 2*y. Suppose 5*f = -15, -3*g + 2*g - y*f + 15 = 0. What is the units digit of g?
0
What is the units digit of (2/(-6))/(33/(-5049))?
1
Let p = 357 - -59. Let x be (-16)/(-10) + (-4)/(-10). Suppose -x*t = -10*t + p. What is the units digit of t?
2
Suppose -2*h + 5*h - 4*k - 388 = 0, 3*k = 6. What is the hundreds digit of (3 - 4)/(-1 + 131/h)?
1
Suppose -3*j - 5*r + 11 = 0, -j = -0*j - 4*r + 2. Suppose -4*s - 20 = j*o, 5*o - 5*s + 4 = -1. What is the tens digit of o + 2 - (-25 + -7)?
3
Let z(c) = -c**3 - 10*c**2 + 8*c - 23. Let q be z(-12). Suppose 2*f - 3*h = q, -f - 3*h + 64 = -7. What is the units digit of f?
0
What is the hundreds digit of 4650/8 + (-8)/32?
5
Suppose 0 = -3*q - 5*h + 7 - 2, -4*h + 31 = -3*q. Let p(m) be the second derivative of m**4/6 + 2*m**3/3 - m**2/2 + 19*m - 3. What is the units digit of p(q)?
9
Suppose 5*o - 6*m - 6683 = 0, -3*o + 4023 = -10*m + 13*m. What is the units digit of o?
9
Suppose -40907 = -7*l - 13082. What is the thousands digit of l?
3
Let s = -12 - -14. Let o be ((-5)/s)/((-25)/60). Let m(g) = g**3 - 4*g**2 - 10*g + 9. What is the tens digit of m(o)?
2
Let b(d) = -3*d - 4. Let k be b(-3). Suppose -i - 265 = -k*r, 5*r + 4*i - 164 = 76. What is the units digit of r?
2
Let a(x) = 5*x**2 + x - 1. Let b = -8 + 9. Let p be a(b). Suppose -15 = -p*q, q + 169 = 5*f - q. What is the tens digit of f?
3
Let q(w) = 27*w**2 + 36*w - 143. What is the tens digit of q(11)?
2
Let z be 2 - (2 + (-4 - -3)). Let w(g) = g**3 + 2*g**2 + 2*g + 3. Let s be w(0). Suppose 4*b + z = t + 17, 0 = -2*t + s*b - 7. What is the units digit of t?
4
What is the tens digit of 8/(-84) + (-181250)/(-210)?
6
Let z(h) = -3*h - 2. Let a be z(-4). Let c = a - -5. Suppose -2*l - 3*l + c = 0. What is the units digit of l?
3
Suppose 0 = -4*o - 0*o. Suppose -f + 10 - 2 = o. Suppose 5*r = f*r - 114. What is the tens digit of r?
3
Suppose 2*r + 2*u = 10, 0 = r + 5*u - 10 + 1. Suppose -3 + 9 = 2*n, k - r*n = 98. Suppose 0 = f + 4*f - k. What is the tens digit of f?
2
Let t = 1961 + -403. What is the tens digit of t?
5
Let g be (-7)/(-2) + (-6)/12 + 1. Suppose g*b - 85 - 47 = 0. What is the units digit of b?
3
What is the tens digit of (-1796)/(-14) + 0 + (-30)/105?
2
Let n(u) = 529*u - 198. What is the tens digit of n(8)?
3
Let v = 3 + -1. Let c(j) = 2*j - 13. Let f be c(8). Suppose 17 = -v*l + f*l. What is the units digit of l?
7
Let t be (-4)/(-2) + (-126